CRAN Package Check Results for Package zipfextR

Last updated on 2021-05-08 11:50:45 CEST.

Flavor Version Tinstall Tcheck Ttotal Status Flags
r-devel-linux-x86_64-debian-clang 1.0.2 8.73 85.09 93.82 NOTE
r-devel-linux-x86_64-debian-gcc 1.0.2 8.91 68.28 77.19 NOTE
r-devel-linux-x86_64-fedora-clang 1.0.2 143.51 NOTE
r-devel-linux-x86_64-fedora-gcc 1.0.2 118.19 NOTE
r-devel-windows-ix86+x86_64 1.0.2 24.00 123.00 147.00 NOTE
r-devel-windows-x86_64-gcc10-UCRT 1.0.2 NOTE
r-patched-linux-x86_64 1.0.2 9.66 79.85 89.51 NOTE
r-patched-solaris-x86 1.0.2 172.80 OK
r-release-linux-x86_64 1.0.2 8.47 79.38 87.85 OK
r-release-macos-x86_64 1.0.2 OK
r-release-windows-ix86+x86_64 1.0.2 19.00 102.00 121.00 OK
r-oldrel-macos-x86_64 1.0.2 OK
r-oldrel-windows-ix86+x86_64 1.0.2 18.00 5.00 23.00 ERROR

Check Details

Version: 1.0.2
Check: LazyData
Result: NOTE
     'LazyData' is specified without a 'data' directory
Flavors: r-devel-linux-x86_64-debian-clang, r-devel-linux-x86_64-debian-gcc, r-devel-linux-x86_64-fedora-clang, r-devel-linux-x86_64-fedora-gcc, r-devel-windows-ix86+x86_64, r-devel-windows-x86_64-gcc10-UCRT, r-patched-linux-x86_64

Version: 1.0.2
Check: whether package can be installed
Result: ERROR
    Installation failed.
    See * DONE
Flavor: r-oldrel-windows-ix86+x86_64