CRAN Package Check Results for Package xml2

Last updated on 2020-02-25 04:48:21 CET.

Flavor Version Tinstall Tcheck Ttotal Status Flags
r-devel-linux-x86_64-debian-clang 1.2.2 88.43 41.98 130.41 OK
r-devel-linux-x86_64-debian-gcc 1.2.2 53.80 32.47 86.27 OK
r-devel-linux-x86_64-fedora-clang 1.2.2 192.22 NOTE
r-devel-linux-x86_64-fedora-gcc 1.2.2 162.74 NOTE
r-devel-windows-ix86+x86_64 1.2.2 173.00 99.00 272.00 NOTE
r-devel-windows-ix86+x86_64-gcc8 1.2.2 227.00 94.00 321.00 NOTE
r-patched-linux-x86_64 1.2.2 65.57 37.90 103.47 OK
r-patched-solaris-x86 1.2.2 154.80 ERROR
r-release-linux-x86_64 1.2.2 67.66 38.03 105.69 OK
r-release-windows-ix86+x86_64 1.2.2 163.00 88.00 251.00 NOTE
r-release-osx-x86_64 1.2.2 OK
r-oldrel-windows-ix86+x86_64 1.2.2 181.00 90.00 271.00 NOTE
r-oldrel-osx-x86_64 1.2.2 OK

Check Details

Version: 1.2.2
Check: top-level files
Result: NOTE
     possible bashism in configure line 31 ($(OS|MACH)TYPE):
     if echo $OSTYPE | grep -q '^darwin1[567]'; then
Flavors: r-devel-linux-x86_64-fedora-clang, r-devel-linux-x86_64-fedora-gcc

Version: 1.2.2
Check: installed package size
Result: NOTE
     installed size is 6.6Mb
     sub-directories of 1Mb or more:
     libs 6.2Mb
Flavors: r-devel-windows-ix86+x86_64, r-devel-windows-ix86+x86_64-gcc8, r-release-windows-ix86+x86_64, r-oldrel-windows-ix86+x86_64

Version: 1.2.2
Check: tests
Result: ERROR
     Running ‘testthat.R’ [5s/15s]
    Running the tests in ‘tests/testthat.R’ failed.
    Complete output:
     > library(testthat)
     > library(xml2)
     >
     > test_check("xml2")
     This is libxml2 version 2.9.9
     terminate called after throwing an instance of 'Rcpp::exception'
     what(): Document is empty [4]
Flavor: r-patched-solaris-x86