CRAN Package Check Results for Package wrswoR

Last updated on 2021-05-10 17:47:17 CEST.

Flavor Version Tinstall Tcheck Ttotal Status Flags
r-devel-linux-x86_64-debian-clang 1.1.1 20.85 32.09 52.94 NOTE
r-devel-linux-x86_64-debian-gcc 1.1.1 13.35 25.05 38.40 NOTE
r-devel-linux-x86_64-fedora-clang 1.1.1 82.30 NOTE
r-devel-linux-x86_64-fedora-gcc 1.1.1 62.46 NOTE
r-devel-windows-ix86+x86_64 1.1.1 43.00 82.00 125.00 NOTE
r-devel-windows-x86_64-gcc10-UCRT 1.1.1 NOTE
r-patched-linux-x86_64 1.1.1 15.58 30.97 46.55 NOTE
r-patched-solaris-x86 1.1.1 82.60 NOTE
r-release-linux-x86_64 1.1.1 16.68 31.26 47.94 OK
r-release-macos-x86_64 1.1.1 OK
r-release-windows-ix86+x86_64 1.1.1 40.00 66.00 106.00 OK
r-oldrel-macos-x86_64 1.1.1 OK
r-oldrel-windows-ix86+x86_64 1.1.1 51.00 5.00 56.00 OK

Check Details

Version: 1.1.1
Check: LazyData
Result: NOTE
     'LazyData' is specified without a 'data' directory
Flavors: r-devel-linux-x86_64-debian-clang, r-devel-linux-x86_64-debian-gcc, r-devel-linux-x86_64-fedora-clang, r-devel-linux-x86_64-fedora-gcc, r-devel-windows-ix86+x86_64, r-devel-windows-x86_64-gcc10-UCRT, r-patched-linux-x86_64, r-patched-solaris-x86