CRAN Package Check Results for Package wrMisc

Last updated on 2021-05-09 17:47:08 CEST.

Flavor Version Tinstall Tcheck Ttotal Status Flags
r-devel-linux-x86_64-debian-clang 1.5.4 14.51 110.26 124.77 OK
r-devel-linux-x86_64-debian-gcc 1.5.4 13.84 83.23 97.07 OK
r-devel-linux-x86_64-fedora-clang 1.5.4 167.58 OK
r-devel-linux-x86_64-fedora-gcc 1.5.4 135.30 OK
r-devel-windows-ix86+x86_64 1.5.4 22.00 164.00 186.00 OK
r-devel-windows-x86_64-gcc10-UCRT 1.5.4 NOTE
r-patched-linux-x86_64 1.5.4 15.62 106.72 122.34 OK
r-patched-solaris-x86 1.5.4 171.00 OK
r-release-linux-x86_64 1.5.4 14.70 101.89 116.59 OK
r-release-macos-x86_64 1.5.4 OK
r-release-windows-ix86+x86_64 1.5.4 21.00 128.00 149.00 OK
r-oldrel-macos-x86_64 1.5.4 OK
r-oldrel-windows-ix86+x86_64 1.5.4 24.00 63.00 87.00 WARN

Check Details

Version: 1.5.4
Check: package dependencies
Result: NOTE
    Package suggested but not available for checking: 'vsn'
Flavor: r-devel-windows-x86_64-gcc10-UCRT

Version: 1.5.4
Check: Rd cross-references
Result: NOTE
    Package unavailable to check Rd xrefs: 'vsn'
Flavor: r-devel-windows-x86_64-gcc10-UCRT

Version: 1.5.4
Check: Rd files
Result: WARN
    XYToDiffPpm.Rd: Sections \title, and \name must exist and be unique in Rd files
    addBeforFileExtension.Rd: Sections \title, and \name must exist and be unique in Rd files
    adjBy2ptReg.Rd: Sections \title, and \name must exist and be unique in Rd files
    arrayCV.Rd: Sections \title, and \name must exist and be unique in Rd files
    asSepList.Rd: Sections \title, and \name must exist and be unique in Rd files
    buildTree.Rd: Sections \title, and \name must exist and be unique in Rd files
    cbindNR.Rd: Sections \title, and \name must exist and be unique in Rd files
    checkAvSd.Rd: Sections \title, and \name must exist and be unique in Rd files
    checkGrpOrder.Rd: Sections \title, and \name must exist and be unique in Rd files
    checkGrpOrderSEM.Rd: Sections \title, and \name must exist and be unique in Rd files
    checkSimValueInSer.Rd: Sections \title, and \name must exist and be unique in Rd files
    checkStrictOrder.Rd: Sections \title, and \name must exist and be unique in Rd files
    checkVectLength.Rd: Sections \title, and \name must exist and be unique in Rd files
    cleanReplicates.Rd: Sections \title, and \name must exist and be unique in Rd files
    Error writing to connection: No space left on device
    coinPermTest.Rd: Sections \title, and \name must exist and be unique in Rd files
    colMedSds.Rd: Sections \title, and \name must exist and be unique in Rd files
    colSds.Rd: Sections \title, and \name must exist and be unique in Rd files
    colorAccording2.Rd: Sections \title, and \name must exist and be unique in Rd files
    combinatIntTable.Rd: Sections \title, and \name must exist and be unique in Rd files
    combineByEitherFactor.Rd: Sections \title, and \name must exist and be unique in Rd files
    combineOverlapInfo.Rd: Sections \title, and \name must exist and be unique in Rd files
    combineRedBasedOnCol.Rd: Sections \title, and \name must exist and be unique in Rd files
    combineReplFromListToMatr.Rd: Sections \title, and \name must exist and be unique in Rd files
    combineSingleT.Rd: Sections \title, and \name must exist and be * checking Rd metadata ... OK
Flavor: r-oldrel-windows-ix86+x86_64

Version: 1.5.4
Check:
Result: WARN
    * ... OK*
Flavor: r-oldrel-windows-ix86+x86_64