CRAN Package Check Results for Package whitening

Last updated on 2021-04-21 05:48:57 CEST.

Flavor Version Tinstall Tcheck Ttotal Status Flags
r-devel-linux-x86_64-debian-clang 1.2.0 2.42 26.91 29.33 OK
r-devel-linux-x86_64-debian-gcc 1.2.0 2.06 20.83 22.89 OK
r-devel-linux-x86_64-fedora-clang 1.2.0 45.47 OK
r-devel-linux-x86_64-fedora-gcc 1.2.0 35.44 OK
r-devel-windows-ix86+x86_64 1.2.0 5.00 36.00 41.00 OK
r-devel-windows-x86_64-gcc10-UCRT 1.2.0 OK
r-patched-linux-x86_64 1.2.0 2.78 25.56 28.34 WARN
r-patched-solaris-x86 1.2.0 52.90 OK
r-release-linux-x86_64 1.2.0 2.22 25.37 27.59 OK
r-release-macos-x86_64 1.2.0 OK
r-release-windows-ix86+x86_64 1.2.0 6.00 42.00 48.00 OK
r-oldrel-macos-x86_64 1.2.0 OK
r-oldrel-windows-ix86+x86_64 1.2.0 3.00 30.00 33.00 OK

Check Details

Version: 1.2.0
Check: whether package can be installed
Result: WARN
    Found the following significant warnings:
     Rd warning: /tmp/RtmpNPdB46/R.INSTALL54b85f9361bd/whitening/man/scca.Rd:14: file link ‘cor.shrink’ in package ‘corpcor’ does not exist and so has been treated as a topic
Flavor: r-patched-linux-x86_64