CRAN Package Check Results for Package weed

Last updated on 2024-05-22 06:01:54 CEST.

Flavor Version Tinstall Tcheck Ttotal Status Flags
r-devel-linux-x86_64-debian-clang 1.1.2 2.14 32.20 34.34 OK
r-devel-linux-x86_64-debian-gcc 1.1.2 2.08 23.85 25.93 OK
r-devel-linux-x86_64-fedora-clang 1.1.2 43.29 NOTE
r-devel-linux-x86_64-fedora-gcc 1.1.2 39.47 NOTE
r-devel-windows-x86_64 1.1.2 4.00 126.00 130.00 OK
r-patched-linux-x86_64 1.1.2 1.96 30.32 32.28 OK
r-release-linux-x86_64 1.1.2 1.61 30.17 31.78 OK
r-release-macos-arm64 1.1.2 24.00 OK
r-release-windows-x86_64 1.1.2 4.00 50.00 54.00 OK
r-oldrel-macos-arm64 1.1.2 28.00 OK
r-oldrel-macos-x86_64 1.1.2 39.00 OK
r-oldrel-windows-x86_64 1.1.2 4.00 49.00 53.00 OK

Check Details

Version: 1.1.2
Check: dependencies in R code
Result: NOTE Namespaces in Imports field not imported from: ‘here’ ‘tibble’ All declared Imports should be used. Flavors: r-devel-linux-x86_64-fedora-clang, r-devel-linux-x86_64-fedora-gcc