CRAN Package Check Results for Package wavelets

Last updated on 2019-06-18 17:59:42 CEST.

Flavor Version Tinstall Tcheck Ttotal Status Flags
r-devel-linux-x86_64-debian-clang 0.3-0.1 5.92 37.13 43.05 OK
r-devel-linux-x86_64-debian-gcc 0.3-0.1 4.95 29.99 34.94 OK
r-devel-linux-x86_64-fedora-clang 0.3-0.1 52.55 NOTE
r-devel-linux-x86_64-fedora-gcc 0.3-0.1 50.34 NOTE
r-devel-windows-ix86+x86_64 0.3-0.1 14.00 62.00 76.00 OK
r-patched-linux-x86_64 0.3-0.1 5.25 38.18 43.43 OK
r-patched-solaris-x86 0.3-0.1 72.40 OK
r-release-linux-x86_64 0.3-0.1 5.98 39.07 45.05 OK
r-release-windows-ix86+x86_64 0.3-0.1 14.00 82.00 96.00 OK
r-release-osx-x86_64 0.3-0.1 OK
r-oldrel-windows-ix86+x86_64 0.3-0.1 10.00 49.00 59.00 OK
r-oldrel-osx-x86_64 0.3-0.1 OK

Check Details

Version: 0.3-0.1
Check: compiled code
Result: NOTE
    File ‘wavelets/libs/wavelets.so’:
     Found no calls to: ‘R_registerRoutines’, ‘R_useDynamicSymbols’
    
    It is good practice to register native routines and to disable symbol
    search.
    
    See ‘Writing portable packages’ in the ‘Writing R Extensions’ manual.
Flavors: r-devel-linux-x86_64-fedora-clang, r-devel-linux-x86_64-fedora-gcc