CRAN Package Check Results for Package wallace

Last updated on 2021-04-17 17:48:01 CEST.

Flavor Version Tinstall Tcheck Ttotal Status Flags
r-devel-linux-x86_64-debian-clang 1.0.6.3 4.26 33.62 37.88 OK
r-devel-linux-x86_64-debian-gcc 1.0.6.3 3.10 26.17 29.27 OK
r-devel-linux-x86_64-fedora-clang 1.0.6.3 57.20 NOTE
r-devel-linux-x86_64-fedora-gcc 1.0.6.3 46.65 NOTE
r-devel-windows-ix86+x86_64 1.0.6.3 15.00 47.00 62.00 OK
r-devel-windows-x86_64-gcc10-UCRT 1.0.6.3 NOTE
r-patched-linux-x86_64 1.0.6.3 4.03 32.52 36.55 OK
r-patched-solaris-x86 1.0.6.3 72.60 NOTE
r-release-linux-x86_64 1.0.6.3 3.70 32.31 36.01 OK
r-release-macos-x86_64 1.0.6.3 NOTE
r-release-windows-ix86+x86_64 1.0.6.3 12.00 56.00 68.00 OK
r-oldrel-macos-x86_64 1.0.6.3 NOTE
r-oldrel-windows-ix86+x86_64 1.0.6.3 6.00 52.00 58.00 OK

Check Details

Version: 1.0.6.3
Check: dependencies in R code
Result: NOTE
    Namespaces in Imports field not imported from:
     ‘DT’ ‘ENMeval’ ‘RColorBrewer’ ‘XML’ ‘dismo’ ‘dplyr’ ‘leaflet.extras’
     ‘maptools’ ‘raster’ ‘rgbif’ ‘rgdal’ ‘rgeos’ ‘rmarkdown’ ‘shinyjs’
     ‘shinythemes’ ‘spThin’ ‘spocc’ ‘testthat’ ‘zip’
     All declared Imports should be used.
Flavors: r-devel-linux-x86_64-fedora-clang, r-devel-linux-x86_64-fedora-gcc, r-devel-windows-x86_64-gcc10-UCRT, r-patched-solaris-x86, r-release-macos-x86_64, r-oldrel-macos-x86_64