CRAN Package Check Results for Package walker

Last updated on 2020-09-21 00:48:24 CEST.

Flavor Version Tinstall Tcheck Ttotal Status Flags
r-devel-linux-x86_64-debian-clang 0.4.1-3 526.29 574.34 1100.63 OK
r-devel-linux-x86_64-debian-gcc 0.4.1-3 477.14 418.07 895.21 OK
r-devel-linux-x86_64-fedora-clang 0.4.1-3 1639.42 NOTE
r-devel-linux-x86_64-fedora-gcc 0.4.1-3 1671.89 OK
r-devel-windows-ix86+x86_64 0.4.1-3 1112.00 777.00 1889.00 NOTE
r-patched-linux-x86_64 0.4.1-3 473.59 581.11 1054.70 OK
r-patched-solaris-x86 0.4.1-3 1849.20 NOTE
r-release-linux-x86_64 0.4.1-3 476.12 580.85 1056.97 OK
r-release-macos-x86_64 0.4.1-3 NOTE
r-release-windows-ix86+x86_64 0.4.1-3 1101.00 917.00 2018.00 NOTE
r-oldrel-macos-x86_64 0.4.1-3 NOTE
r-oldrel-windows-ix86+x86_64 0.4.1-3 782.00 935.00 1717.00 NOTE

Check Details

Version: 0.4.1-3
Check: installed package size
Result: NOTE
     installed size is 92.1Mb
     sub-directories of 1Mb or more:
     libs 90.8Mb
Flavors: r-devel-linux-x86_64-fedora-clang, r-devel-windows-ix86+x86_64, r-patched-solaris-x86, r-release-macos-x86_64, r-release-windows-ix86+x86_64, r-oldrel-macos-x86_64, r-oldrel-windows-ix86+x86_64