CRAN Package Check Results for Package viridisLite

Last updated on 2020-08-06 17:49:37 CEST.

Flavor Version Tinstall Tcheck Ttotal Status Flags
r-devel-linux-x86_64-debian-clang 0.3.0 1.76 22.57 24.33 OK
r-devel-linux-x86_64-debian-gcc 0.3.0 1.46 17.58 19.04 OK
r-devel-linux-x86_64-fedora-clang 0.3.0 37.34 OK
r-devel-linux-x86_64-fedora-gcc 0.3.0 28.64 OK
r-devel-windows-ix86+x86_64 0.3.0 8.00 37.00 45.00 OK
r-patched-linux-x86_64 0.3.0 1.70 22.23 23.93 OK
r-patched-solaris-x86 0.3.0 45.80 OK
r-release-linux-x86_64 0.3.0 1.71 22.27 23.98 OK
r-release-macos-x86_64 0.3.0 ERROR
r-release-windows-ix86+x86_64 0.3.0 9.00 51.00 60.00 OK
r-oldrel-macos-x86_64 0.3.0 OK
r-oldrel-windows-ix86+x86_64 0.3.0 4.00 36.00 40.00 OK

Check Details

Version: 0.3.0
Check: examples
Result: ERROR
    Running examples in ‘viridisLite-Ex.R’ failed
    The error most likely occurred in:
    
    > ### Name: viridis
    > ### Title: Matplotlib 'viridis' and 'cividis' color map
    > ### Aliases: viridis viridisMap magma inferno plasma cividis
    >
    > ### ** Examples
    >
    > library(ggplot2)
    Error: package or namespace load failed for ‘ggplot2’ in loadNamespace(j <- i[[1L]], c(lib.loc, .libPaths()), versionCheck = vI[[j]]):
     there is no package called ‘lifecycle’
    Execution halted
Flavor: r-release-macos-x86_64