CRAN Package Check Results for Package vctrs

Last updated on 2020-10-20 05:48:29 CEST.

Flavor Version Tinstall Tcheck Ttotal Status Flags
r-devel-linux-x86_64-debian-clang 0.3.4 27.19 154.32 181.51 OK
r-devel-linux-x86_64-debian-gcc 0.3.4 19.12 110.73 129.85 OK
r-devel-linux-x86_64-fedora-clang 0.3.4 218.23 OK
r-devel-linux-x86_64-fedora-gcc 0.3.4 205.21 OK
r-devel-windows-ix86+x86_64 0.3.4 69.00 198.00 267.00 OK
r-patched-linux-x86_64 0.3.4 24.32 144.27 168.59 OK
r-patched-solaris-x86 0.3.4 269.10 NOTE
r-release-linux-x86_64 0.3.4 23.17 143.27 166.44 OK
r-release-macos-x86_64 0.3.4 OK
r-release-windows-ix86+x86_64 0.3.4 70.00 204.00 274.00 OK
r-oldrel-macos-x86_64 0.3.4 OK
r-oldrel-windows-ix86+x86_64 0.3.4 70.00 183.00 253.00 OK

Check Details

Version: 0.3.4
Check: package dependencies
Result: NOTE
    Package suggested but not available for checking: ‘pkgdown’
Flavor: r-patched-solaris-x86