CRAN Package Check Results for Package varSelRF

Last updated on 2024-04-20 05:59:10 CEST.

Flavor Version Tinstall Tcheck Ttotal Status Flags
r-devel-linux-x86_64-debian-clang 0.7-8 3.11 44.72 47.83 NOTE
r-devel-linux-x86_64-debian-gcc 0.7-8 2.77 33.62 36.39 NOTE
r-devel-linux-x86_64-fedora-clang 0.7-8 58.87 NOTE
r-devel-linux-x86_64-fedora-gcc 0.7-8 54.67 NOTE
r-prerel-macos-arm64 0.7-8 25.00 NOTE
r-prerel-windows-x86_64 0.7-8 3.00 53.00 56.00 NOTE
r-patched-linux-x86_64 0.7-8 4.23 41.11 45.34 NOTE
r-release-linux-x86_64 0.7-8 3.30 40.53 43.83 NOTE
r-release-macos-arm64 0.7-8 30.00 NOTE
r-release-macos-x86_64 0.7-8 33.00 NOTE
r-release-windows-x86_64 0.7-8 4.00 61.00 65.00 NOTE
r-oldrel-macos-arm64 0.7-8 23.00 OK
r-oldrel-windows-x86_64 0.7-8 4.00 63.00 67.00 OK

Check Details

Version: 0.7-8
Check: Rd files
Result: NOTE checkRd: (-1) randomVarImpsRFplot.Rd:97: Escaped LaTeX specials: \& checkRd: (-1) varSelImpSpecRF.Rd:83: Escaped LaTeX specials: \& Flavors: r-devel-linux-x86_64-debian-clang, r-devel-linux-x86_64-debian-gcc, r-devel-linux-x86_64-fedora-clang, r-devel-linux-x86_64-fedora-gcc, r-prerel-macos-arm64, r-prerel-windows-x86_64, r-patched-linux-x86_64, r-release-linux-x86_64, r-release-macos-arm64, r-release-macos-x86_64, r-release-windows-x86_64