CRAN Package Check Results for Package vader

Last updated on 2021-04-21 05:48:56 CEST.

Flavor Version Tinstall Tcheck Ttotal Status Flags
r-devel-linux-x86_64-debian-clang 0.2.1 2.93 31.18 34.11 NOTE
r-devel-linux-x86_64-debian-gcc 0.2.1 2.59 24.75 27.34 NOTE
r-devel-linux-x86_64-fedora-clang 0.2.1 51.09 NOTE
r-devel-linux-x86_64-fedora-gcc 0.2.1 42.36 NOTE
r-devel-windows-ix86+x86_64 0.2.1 8.00 39.00 47.00 NOTE
r-devel-windows-x86_64-gcc10-UCRT 0.2.1 NOTE
r-patched-linux-x86_64 0.2.1 3.21 28.37 31.58 OK
r-patched-solaris-x86 0.2.1 66.20 OK
r-release-linux-x86_64 0.2.1 2.98 28.51 31.49 OK
r-release-macos-x86_64 0.2.1 OK
r-release-windows-ix86+x86_64 0.2.1 8.00 55.00 63.00 OK
r-oldrel-macos-x86_64 0.2.1 OK
r-oldrel-windows-ix86+x86_64 0.2.1 6.00 45.00 51.00 OK

Check Details

Version: 0.2.1
Check: LazyData
Result: NOTE
     'LazyData' is specified without a 'data' directory
Flavors: r-devel-linux-x86_64-debian-clang, r-devel-linux-x86_64-debian-gcc, r-devel-linux-x86_64-fedora-clang, r-devel-linux-x86_64-fedora-gcc, r-devel-windows-ix86+x86_64, r-devel-windows-x86_64-gcc10-UCRT