CRAN Package Check Results for Package vICC

Last updated on 2024-05-22 00:54:23 CEST.

Flavor Version Tinstall Tcheck Ttotal Status Flags
r-devel-linux-x86_64-debian-clang 1.0.0 6.72 57.28 64.00 OK
r-devel-linux-x86_64-debian-gcc 1.0.0 5.00 43.05 48.05 OK
r-devel-linux-x86_64-fedora-clang 1.0.0 78.95 NOTE
r-devel-linux-x86_64-fedora-gcc 1.0.0 74.02 NOTE
r-devel-windows-x86_64 1.0.0 8.00 63.00 71.00 OK
r-patched-linux-x86_64 1.0.0 6.77 53.52 60.29 OK
r-release-linux-x86_64 1.0.0 6.08 53.04 59.12 OK
r-release-macos-arm64 1.0.0 26.00 OK
r-release-windows-x86_64 1.0.0 8.00 64.00 72.00 OK
r-oldrel-macos-arm64 1.0.0 27.00 OK
r-oldrel-macos-x86_64 1.0.0 39.00 OK
r-oldrel-windows-x86_64 1.0.0 8.00 69.00 77.00 OK

Check Details

Version: 1.0.0
Check: dependencies in R code
Result: NOTE Namespace in Imports field not imported from: ‘Rdpack’ All declared Imports should be used. Flavors: r-devel-linux-x86_64-fedora-clang, r-devel-linux-x86_64-fedora-gcc