CRAN Package Check Results for Package unjoin

Last updated on 2024-05-29 17:54:11 CEST.

Flavor Version Tinstall Tcheck Ttotal Status Flags
r-devel-linux-x86_64-debian-clang 0.1.0 4.64 41.97 46.61 NOTE
r-devel-linux-x86_64-debian-gcc 0.1.0 3.09 31.25 34.34 NOTE
r-devel-linux-x86_64-fedora-clang 0.1.0 62.69 NOTE
r-devel-linux-x86_64-fedora-gcc 0.1.0 54.29 NOTE
r-devel-windows-x86_64 0.1.0 5.00 50.00 55.00 NOTE
r-patched-linux-x86_64 0.1.0 3.73 38.80 42.53 NOTE
r-release-linux-x86_64 0.1.0 3.17 39.40 42.57 NOTE
r-release-macos-arm64 0.1.0 21.00 NOTE
r-release-windows-x86_64 0.1.0 6.00 49.00 55.00 NOTE
r-oldrel-macos-arm64 0.1.0 22.00 NOTE
r-oldrel-macos-x86_64 0.1.0 31.00 NOTE
r-oldrel-windows-x86_64 0.1.0 6.00 54.00 60.00 NOTE

Check Details

Version: 0.1.0
Check: LazyData
Result: NOTE 'LazyData' is specified without a 'data' directory Flavors: r-devel-linux-x86_64-debian-clang, r-devel-linux-x86_64-debian-gcc, r-devel-linux-x86_64-fedora-clang, r-devel-linux-x86_64-fedora-gcc, r-devel-windows-x86_64, r-patched-linux-x86_64, r-release-linux-x86_64, r-release-macos-arm64, r-release-windows-x86_64, r-oldrel-macos-arm64, r-oldrel-macos-x86_64, r-oldrel-windows-x86_64