CRAN Package Check Results for Package universals

Last updated on 2021-04-22 11:50:36 CEST.

Flavor Version Tinstall Tcheck Ttotal Status Flags
r-devel-linux-x86_64-debian-clang 0.0.4 2.11 24.17 26.28 NOTE
r-devel-linux-x86_64-debian-gcc 0.0.4 1.64 19.11 20.75 NOTE
r-devel-linux-x86_64-fedora-clang 0.0.4 42.60 NOTE
r-devel-linux-x86_64-fedora-gcc 0.0.4 33.55 NOTE
r-devel-windows-ix86+x86_64 0.0.4 4.00 42.00 46.00 NOTE
r-devel-windows-x86_64-gcc10-UCRT 0.0.4 NOTE
r-patched-linux-x86_64 0.0.4 2.34 23.36 25.70 OK
r-patched-solaris-x86 0.0.4 49.60 OK
r-release-linux-x86_64 0.0.4 2.23 23.60 25.83 OK
r-release-macos-x86_64 0.0.4 OK
r-release-windows-ix86+x86_64 0.0.4 5.00 44.00 49.00 OK
r-oldrel-macos-x86_64 0.0.4 OK
r-oldrel-windows-ix86+x86_64 0.0.4 3.00 38.00 41.00 OK

Check Details

Version: 0.0.4
Check: LazyData
Result: NOTE
     'LazyData' is specified without a 'data' directory
Flavors: r-devel-linux-x86_64-debian-clang, r-devel-linux-x86_64-debian-gcc, r-devel-linux-x86_64-fedora-clang, r-devel-linux-x86_64-fedora-gcc, r-devel-windows-ix86+x86_64, r-devel-windows-x86_64-gcc10-UCRT