CRAN Package Check Results for Package unbalanced

Last updated on 2021-05-08 11:50:44 CEST.

Flavor Version Tinstall Tcheck Ttotal Status Flags
r-devel-linux-x86_64-debian-clang 2.0 10.11 144.09 154.20 NOTE
r-devel-linux-x86_64-debian-gcc 2.0 7.08 110.15 117.23 NOTE
r-devel-linux-x86_64-fedora-clang 2.0 192.88 NOTE
r-devel-linux-x86_64-fedora-gcc 2.0 181.74 NOTE
r-devel-windows-ix86+x86_64 2.0 28.00 184.00 212.00 NOTE
r-devel-windows-x86_64-gcc10-UCRT 2.0 NOTE
r-patched-linux-x86_64 2.0 10.52 135.73 146.25 NOTE
r-patched-solaris-x86 2.0 274.80 NOTE
r-release-linux-x86_64 2.0 8.62 136.25 144.87 NOTE
r-release-macos-x86_64 2.0 NOTE
r-release-windows-ix86+x86_64 2.0 20.00 144.00 164.00 NOTE
r-oldrel-macos-x86_64 2.0 NOTE
r-oldrel-windows-ix86+x86_64 2.0 22.00 139.00 161.00 NOTE

Check Details

Version: 2.0
Check: R code for possible problems
Result: NOTE
    ubRacing : predCandidate: no visible global function definition for
     'predict'
    ubRacing : aux2.friedman.edit: no visible global function definition
     for 'pchisq'
    ubRacing : aux2.friedman.edit: no visible global function definition
     for 'qt'
    ubRacing : aux.friedman.edit: no visible global function definition for
     'wilcox.test'
    ubRacing : aux.ttest.edit: no visible global function definition for
     't.test'
    ubRacing : aux.ttest.edit: no visible global function definition for
     'p.adjust'
    ubRacing : idFolds: no visible global function definition for
     'quantile'
    ubRacing: no visible binding for global variable 'sd'
    ubSmoteExs: no visible global function definition for 'runif'
    Undefined global functions or variables:
     p.adjust pchisq predict qt quantile runif sd t.test wilcox.test
    Consider adding
     importFrom("stats", "p.adjust", "pchisq", "predict", "qt", "quantile",
     "runif", "sd", "t.test", "wilcox.test")
    to your NAMESPACE file.
Flavors: r-devel-linux-x86_64-debian-clang, r-devel-linux-x86_64-debian-gcc, r-devel-linux-x86_64-fedora-clang, r-devel-linux-x86_64-fedora-gcc, r-devel-windows-ix86+x86_64, r-devel-windows-x86_64-gcc10-UCRT, r-patched-linux-x86_64, r-patched-solaris-x86, r-release-linux-x86_64, r-release-macos-x86_64, r-release-windows-ix86+x86_64, r-oldrel-macos-x86_64, r-oldrel-windows-ix86+x86_64