CRAN Package Check Results for Package ukpolice

Last updated on 2021-04-18 00:47:59 CEST.

Flavor Version Tinstall Tcheck Ttotal Status Flags
r-devel-linux-x86_64-debian-clang 0.2.2 2.95 38.72 41.67 NOTE
r-devel-linux-x86_64-debian-gcc 0.2.2 3.03 29.98 33.01 NOTE
r-devel-linux-x86_64-fedora-clang 0.2.2 61.23 NOTE
r-devel-linux-x86_64-fedora-gcc 0.2.2 52.23 NOTE
r-devel-windows-ix86+x86_64 0.2.2 10.00 50.00 60.00 NOTE
r-devel-windows-x86_64-gcc10-UCRT 0.2.2 NOTE
r-patched-linux-x86_64 0.2.2 3.88 36.75 40.63 OK
r-patched-solaris-x86 0.2.2 76.50 OK
r-release-linux-x86_64 0.2.2 3.56 36.96 40.52 OK
r-release-macos-x86_64 0.2.2 OK
r-release-windows-ix86+x86_64 0.2.2 22.00 59.00 81.00 OK
r-oldrel-macos-x86_64 0.2.2 OK
r-oldrel-windows-ix86+x86_64 0.2.2 5.00 56.00 61.00 OK

Check Details

Version: 0.2.2
Check: LazyData
Result: NOTE
     'LazyData' is specified without a 'data' directory
Flavors: r-devel-linux-x86_64-debian-clang, r-devel-linux-x86_64-debian-gcc, r-devel-linux-x86_64-fedora-clang, r-devel-linux-x86_64-fedora-gcc, r-devel-windows-ix86+x86_64, r-devel-windows-x86_64-gcc10-UCRT