CRAN Package Check Results for Package trustOptim

Last updated on 2020-04-01 05:48:43 CEST.

Flavor Version Tinstall Tcheck Ttotal Status Flags
r-devel-linux-x86_64-debian-clang 0.8.6.2 47.00 86.25 133.25 OK
r-devel-linux-x86_64-debian-gcc 0.8.6.2 36.05 66.44 102.49 OK
r-devel-linux-x86_64-fedora-clang 0.8.6.2 172.19 NOTE
r-devel-linux-x86_64-fedora-gcc 0.8.6.2 170.44 OK
r-devel-windows-ix86+x86_64 0.8.6.2 67.00 110.00 177.00 OK
r-devel-windows-ix86+x86_64-gcc8 0.8.6.2 81.00 115.00 196.00 OK
r-patched-linux-x86_64 0.8.6.2 41.23 82.15 123.38 OK
r-patched-solaris-x86 0.8.6.2 199.80 ERROR
r-release-linux-x86_64 0.8.6.2 40.46 75.49 115.95 OK
r-release-windows-ix86+x86_64 0.8.6.2 79.00 169.00 248.00 OK
r-release-osx-x86_64 0.8.6.2 NOTE
r-oldrel-windows-ix86+x86_64 0.8.6.2 93.00 154.00 247.00 OK
r-oldrel-osx-x86_64 0.8.6.2 NOTE

Check Details

Version: 0.8.6.2
Check: installed package size
Result: NOTE
     installed size is 8.4Mb
     sub-directories of 1Mb or more:
     libs 8.1Mb
Flavors: r-devel-linux-x86_64-fedora-clang, r-release-osx-x86_64, r-oldrel-osx-x86_64

Version: 0.8.6.2
Check: tests
Result: ERROR
     Running ‘testthat.R’ [7s/11s]
    Running the tests in ‘tests/testthat.R’ failed.
    Complete output:
     > library(testthat)
     > library(trustOptim)
     >
     > test_check("trustOptim")
     Beginning optimization
    
     Iteration has terminated
    
     iter f nrm_gr status
     50 0.000000 0.000000 Success
    
     Beginning optimization
    
     Iteration has terminated
    
     iter f nrm_gr status
     128 0.000000 0.000000 Success
    
     Beginning optimization
    
     Iteration has terminated
    
     iter f nrm_gr status
     287 0.000000 0.000000Radius of trust region is less than stop.trust.radius
    
     ── 1. Failure: Rosenbrock (@test_rosenbrock.R#67) ─────────────────────────────
     opt0\$status does not match "Success".
     Actual value: "Radius of trust region is less than stop\.trust\.radius"
    
     Beginning optimization
    
     Iteration has terminated
    
     iter f nrm_gr status
     65 0.000000 0.000000 Success
    
     ══ testthat results ═══════════════════════════════════════════════════════════
     [ OK: 15 | SKIPPED: 0 | WARNINGS: 0 | FAILED: 1 ]
     1. Failure: Rosenbrock (@test_rosenbrock.R#67)
    
     Error: testthat unit tests failed
     Execution halted
Flavor: r-patched-solaris-x86