CRAN Package Check Results for Package trundler

Last updated on 2021-04-21 11:53:48 CEST.

Flavor Version Tinstall Tcheck Ttotal Status Flags
r-devel-linux-x86_64-debian-clang 0.1.19 6.19 56.62 62.81 NOTE
r-devel-linux-x86_64-debian-gcc 0.1.19 4.66 43.69 48.35 NOTE
r-devel-linux-x86_64-fedora-clang 0.1.19 85.16 ERROR
r-devel-linux-x86_64-fedora-gcc 0.1.19 71.63 ERROR
r-devel-windows-ix86+x86_64 0.1.19 11.00 59.00 70.00 ERROR
r-devel-windows-x86_64-gcc10-UCRT 0.1.19 NOTE
r-patched-linux-x86_64 0.1.19 6.29 53.94 60.23 ERROR
r-patched-solaris-x86 0.1.19 118.90 ERROR
r-release-linux-x86_64 0.1.19 5.95 53.50 59.45 ERROR
r-release-macos-x86_64 0.1.19 OK
r-release-windows-ix86+x86_64 0.1.19 16.00 82.00 98.00 ERROR
r-oldrel-macos-x86_64 0.1.19 OK
r-oldrel-windows-ix86+x86_64 0.1.19 14.00 77.00 91.00 OK

Additional issues

M1mac

Check Details

Version: 0.1.19
Check: LazyData
Result: NOTE
     'LazyData' is specified without a 'data' directory
Flavors: r-devel-linux-x86_64-debian-clang, r-devel-linux-x86_64-debian-gcc, r-devel-linux-x86_64-fedora-clang, r-devel-linux-x86_64-fedora-gcc, r-devel-windows-ix86+x86_64, r-devel-windows-x86_64-gcc10-UCRT

Version: 0.1.19
Check: tests
Result: ERROR
     Running ‘testthat.R’
    Running the tests in ‘tests/testthat.R’ failed.
    Complete output:
     > library(testthat)
     > library(trundler)
     >
     > test_check("trundler")
     ══ Skipped tests ═══════════════════════════════════════════════════════════════
     ● On CRAN (18)
    
     ══ Failed tests ════════════════════════════════════════════════════════════════
     ── Failure (test-0-http.R:8:3): check that response is compressed ──────────────
     headers(r)$`content-encoding` not equal to "gzip".
     target is NULL, current is character
    
     [ FAIL 1 | WARN 0 | SKIP 18 | PASS 10 ]
     Error: Test failures
     Execution halted
Flavors: r-devel-linux-x86_64-fedora-clang, r-devel-linux-x86_64-fedora-gcc

Version: 0.1.19
Check: tests
Result: ERROR
     Running 'testthat.R' [4s]
    Running the tests in 'tests/testthat.R' failed.
    Complete output:
     > library(testthat)
     > library(trundler)
     >
     > test_check("trundler")
     == Skipped tests ===============================================================
     * On CRAN (18)
    
     == Failed tests ================================================================
     -- Failure (test-0-http.R:8:3): check that response is compressed --------------
     headers(r)$`content-encoding` not equal to "gzip".
     target is NULL, current is character
    
     [ FAIL 1 | WARN 0 | SKIP 18 | PASS 10 ]
     Error: Test failures
     Execution halted
Flavor: r-devel-windows-ix86+x86_64

Version: 0.1.19
Check: tests
Result: ERROR
     Running ‘testthat.R’ [2s/5s]
    Running the tests in ‘tests/testthat.R’ failed.
    Complete output:
     > library(testthat)
     > library(trundler)
     >
     > test_check("trundler")
     ══ Skipped tests ═══════════════════════════════════════════════════════════════
     ● On CRAN (18)
    
     ══ Failed tests ════════════════════════════════════════════════════════════════
     ── Failure (test-0-http.R:8:3): check that response is compressed ──────────────
     headers(r)$`content-encoding` not equal to "gzip".
     target is NULL, current is character
    
     [ FAIL 1 | WARN 0 | SKIP 18 | PASS 10 ]
     Error: Test failures
     Execution halted
Flavor: r-patched-linux-x86_64

Version: 0.1.19
Check: tests
Result: ERROR
     Running ‘testthat.R’ [5s/25s]
    Running the tests in ‘tests/testthat.R’ failed.
    Complete output:
     > library(testthat)
     > library(trundler)
     >
     > test_check("trundler")
     ══ Skipped tests ═══════════════════════════════════════════════════════════════
     ● On CRAN (18)
    
     ══ Failed tests ════════════════════════════════════════════════════════════════
     ── Failure (test-0-http.R:8:3): check that response is compressed ──────────────
     headers(r)$`content-encoding` not equal to "gzip".
     target is NULL, current is character
    
     [ FAIL 1 | WARN 0 | SKIP 18 | PASS 10 ]
     Error: Test failures
     Execution halted
Flavor: r-patched-solaris-x86

Version: 0.1.19
Check: tests
Result: ERROR
     Running ‘testthat.R’ [2s/4s]
    Running the tests in ‘tests/testthat.R’ failed.
    Complete output:
     > library(testthat)
     > library(trundler)
     >
     > test_check("trundler")
     ══ Skipped tests ═══════════════════════════════════════════════════════════════
     ● On CRAN (18)
    
     ══ Failed tests ════════════════════════════════════════════════════════════════
     ── Failure (test-0-http.R:8:3): check that response is compressed ──────────────
     headers(r)$`content-encoding` not equal to "gzip".
     target is NULL, current is character
    
     [ FAIL 1 | WARN 0 | SKIP 18 | PASS 10 ]
     Error: Test failures
     Execution halted
Flavor: r-release-linux-x86_64

Version: 0.1.19
Check: tests
Result: ERROR
     Running 'testthat.R' [5s]
    Running the tests in 'tests/testthat.R' failed.
    Complete output:
     > library(testthat)
     > library(trundler)
     >
     > test_check("trundler")
     == Skipped tests ===============================================================
     * On CRAN (18)
    
     == Failed tests ================================================================
     -- Failure (test-0-http.R:8:3): check that response is compressed --------------
     headers(r)$`content-encoding` not equal to "gzip".
     target is NULL, current is character
    
     [ FAIL 1 | WARN 0 | SKIP 18 | PASS 10 ]
     Error: Test failures
     Execution halted
Flavor: r-release-windows-ix86+x86_64