CRAN Package Check Results for Package truelies

Last updated on 2024-05-30 17:49:25 CEST.

Flavor Version Tinstall Tcheck Ttotal Status Flags
r-devel-linux-x86_64-debian-clang 0.2.0 2.61 29.24 31.85 NOTE
r-devel-linux-x86_64-debian-gcc 0.2.0 1.88 21.92 23.80 NOTE
r-devel-linux-x86_64-fedora-clang 0.2.0 39.51 NOTE
r-devel-linux-x86_64-fedora-gcc 0.2.0 36.97 NOTE
r-devel-windows-x86_64 0.2.0 3.00 43.00 46.00 NOTE
r-patched-linux-x86_64 0.2.0 2.66 28.14 30.80 NOTE
r-release-linux-x86_64 0.2.0 1.55 28.19 29.74 NOTE
r-release-macos-arm64 0.2.0 20.00 NOTE
r-release-windows-x86_64 0.2.0 4.00 44.00 48.00 NOTE
r-oldrel-macos-arm64 0.2.0 19.00 NOTE
r-oldrel-macos-x86_64 0.2.0 22.00 NOTE
r-oldrel-windows-x86_64 0.2.0 4.00 47.00 51.00 NOTE

Check Details

Version: 0.2.0
Check: LazyData
Result: NOTE 'LazyData' is specified without a 'data' directory Flavors: r-devel-linux-x86_64-debian-clang, r-devel-linux-x86_64-debian-gcc, r-devel-linux-x86_64-fedora-clang, r-devel-linux-x86_64-fedora-gcc, r-devel-windows-x86_64, r-patched-linux-x86_64, r-release-linux-x86_64, r-release-macos-arm64, r-release-windows-x86_64, r-oldrel-macos-arm64, r-oldrel-macos-x86_64, r-oldrel-windows-x86_64