CRAN Package Check Results for Package tmuxr

Last updated on 2021-04-19 17:48:45 CEST.

Flavor Version Tinstall Tcheck Ttotal Status Flags
r-devel-linux-x86_64-debian-clang 0.2.4 2.74 37.10 39.84 NOTE
r-devel-linux-x86_64-debian-gcc 0.2.4 2.46 30.19 32.65 NOTE
r-devel-linux-x86_64-fedora-clang 0.2.4 57.55 NOTE
r-devel-linux-x86_64-fedora-gcc 0.2.4 46.09 NOTE
r-devel-windows-x86_64-gcc10-UCRT 0.2.4 NOTE
r-patched-linux-x86_64 0.2.4 3.16 35.90 39.06 OK
r-release-linux-x86_64 0.2.4 2.87 36.10 38.97 OK
r-release-macos-x86_64 0.2.4 OK
r-oldrel-macos-x86_64 0.2.4 OK

Check Details

Version: 0.2.4
Check: LazyData
Result: NOTE
     'LazyData' is specified without a 'data' directory
Flavors: r-devel-linux-x86_64-debian-clang, r-devel-linux-x86_64-debian-gcc, r-devel-linux-x86_64-fedora-clang, r-devel-linux-x86_64-fedora-gcc, r-devel-windows-x86_64-gcc10-UCRT