CRAN Package Check Results for Package tmod

Last updated on 2021-04-21 11:53:48 CEST.

Flavor Version Tinstall Tcheck Ttotal Status Flags
r-devel-linux-x86_64-debian-clang 0.46.2 8.09 76.13 84.22 OK
r-devel-linux-x86_64-debian-gcc 0.46.2 6.22 58.56 64.78 OK
r-devel-linux-x86_64-fedora-clang 0.46.2 112.35 OK
r-devel-linux-x86_64-fedora-gcc 0.46.2 106.46 OK
r-devel-windows-ix86+x86_64 0.46.2 20.00 78.00 98.00 OK
r-devel-windows-x86_64-gcc10-UCRT 0.46.2 NOTE
r-patched-linux-x86_64 0.46.2 8.84 72.01 80.85 OK
r-patched-solaris-x86 0.46.2 144.00 OK
r-release-linux-x86_64 0.46.2 8.01 72.03 80.04 OK
r-release-macos-x86_64 0.46.2 OK
r-release-windows-ix86+x86_64 0.46.2 20.00 85.00 105.00 OK
r-oldrel-macos-x86_64 0.46.2 OK
r-oldrel-windows-ix86+x86_64 0.46.2 13.00 94.00 107.00 OK

Check Details

Version: 0.46.2
Check: package dependencies
Result: NOTE
    Package suggested but not available for checking: 'pca3d'
Flavor: r-devel-windows-x86_64-gcc10-UCRT