CRAN Package Check Results for Package tidync

Last updated on 2021-04-21 11:53:48 CEST.

Flavor Version Tinstall Tcheck Ttotal Status Flags
r-devel-linux-x86_64-debian-clang 0.2.4 5.01 72.46 77.47 NOTE
r-devel-linux-x86_64-debian-gcc 0.2.4 3.87 54.46 58.33 NOTE
r-devel-linux-x86_64-fedora-clang 0.2.4 99.84 NOTE
r-devel-linux-x86_64-fedora-gcc 0.2.4 93.73 NOTE
r-devel-windows-ix86+x86_64 0.2.4 10.00 74.00 84.00 NOTE
r-devel-windows-x86_64-gcc10-UCRT 0.2.4 NOTE
r-patched-linux-x86_64 0.2.4 5.69 69.69 75.38 WARN
r-patched-solaris-x86 0.2.4 131.30 OK
r-release-linux-x86_64 0.2.4 4.82 68.80 73.62 OK
r-release-macos-x86_64 0.2.4 OK
r-release-windows-ix86+x86_64 0.2.4 13.00 83.00 96.00 OK
r-oldrel-macos-x86_64 0.2.4 OK
r-oldrel-windows-ix86+x86_64 0.2.4 19.00 88.00 107.00 OK

Check Details

Version: 0.2.4
Check: LazyData
Result: NOTE
     'LazyData' is specified without a 'data' directory
Flavors: r-devel-linux-x86_64-debian-clang, r-devel-linux-x86_64-debian-gcc, r-devel-linux-x86_64-fedora-clang, r-devel-linux-x86_64-fedora-gcc, r-devel-windows-ix86+x86_64, r-devel-windows-x86_64-gcc10-UCRT

Version: 0.2.4
Check: whether package can be installed
Result: WARN
    Found the following significant warnings:
     Rd warning: /tmp/RtmpTvCuzu/R.INSTALL58ec6003997b/tidync/man/reexports.Rd:18: file link ‘%>%’ in package ‘magrittr’ does not exist and so has been treated as a topic
Flavor: r-patched-linux-x86_64