CRAN Package Check Results for Package tidyfst

Last updated on 2021-04-18 00:47:58 CEST.

Flavor Version Tinstall Tcheck Ttotal Status Flags
r-devel-linux-x86_64-debian-clang 0.9.9 5.65 110.41 116.06 NOTE
r-devel-linux-x86_64-debian-gcc 0.9.9 4.31 79.50 83.81 NOTE
r-devel-linux-x86_64-fedora-clang 0.9.9 132.08 NOTE
r-devel-linux-x86_64-fedora-gcc 0.9.9 128.57 NOTE
r-devel-windows-ix86+x86_64 0.9.9 11.00 114.00 125.00 NOTE
r-devel-windows-x86_64-gcc10-UCRT 0.9.9 NOTE
r-patched-linux-x86_64 0.9.9 5.37 96.58 101.95 OK
r-patched-solaris-x86 0.9.9 162.70 OK
r-release-linux-x86_64 0.9.9 4.73 94.70 99.43 OK
r-release-macos-x86_64 0.9.9 OK
r-release-windows-ix86+x86_64 0.9.9 10.00 130.00 140.00 OK
r-oldrel-macos-x86_64 0.9.9 OK
r-oldrel-windows-ix86+x86_64 0.9.9 7.00 124.00 131.00 OK

Check Details

Version: 0.9.9
Check: LazyData
Result: NOTE
     'LazyData' is specified without a 'data' directory
Flavors: r-devel-linux-x86_64-debian-clang, r-devel-linux-x86_64-debian-gcc, r-devel-linux-x86_64-fedora-clang, r-devel-linux-x86_64-fedora-gcc, r-devel-windows-ix86+x86_64, r-devel-windows-x86_64-gcc10-UCRT

Version: 0.9.9
Check: Rd cross-references
Result: NOTE
    Undeclared packages ‘fastDummies’, ‘sjmisc’ in Rd xrefs
Flavor: r-devel-linux-x86_64-fedora-clang