CRAN Package Check Results for Package targets

Last updated on 2021-05-18 17:48:28 CEST.

Flavor Version Tinstall Tcheck Ttotal Status Flags
r-devel-linux-x86_64-debian-clang 0.4.2 25.23 222.53 247.76 OK
r-devel-linux-x86_64-debian-gcc 0.4.2 21.00 164.09 185.09 OK
r-devel-linux-x86_64-fedora-clang 0.4.2 293.09 OK
r-devel-linux-x86_64-fedora-gcc 0.4.2 285.08 OK
r-devel-windows-ix86+x86_64 0.4.2 44.00 261.00 305.00 OK
r-devel-windows-x86_64-gcc10-UCRT 0.4.2 NOTE
r-patched-linux-x86_64 0.4.2 25.94 209.10 235.04 OK
r-patched-solaris-x86 0.4.2 359.00 OK
r-release-linux-x86_64 0.4.2 27.57 211.89 239.46 OK
r-release-macos-x86_64 0.4.2 OK
r-release-windows-ix86+x86_64 0.4.2 32.00 187.00 219.00 OK
r-oldrel-macos-x86_64 0.4.2 OK
r-oldrel-windows-ix86+x86_64 0.4.2 26.00 249.00 275.00 OK

Check Details

Version: 0.4.2
Check: package dependencies
Result: NOTE
    Package suggested but not available for checking: 'arrow'
Flavor: r-devel-windows-x86_64-gcc10-UCRT