CRAN Package Check Results for Package swissparl

Last updated on 2021-04-18 17:47:56 CEST.

Flavor Version Tinstall Tcheck Ttotal Status Flags
r-devel-linux-x86_64-debian-clang 0.2.1 5.93 50.24 56.17 OK
r-devel-linux-x86_64-debian-gcc 0.2.1 4.33 38.96 43.29 OK
r-devel-linux-x86_64-fedora-clang 0.2.1 78.30 NOTE
r-devel-linux-x86_64-fedora-gcc 0.2.1 64.06 NOTE
r-devel-windows-ix86+x86_64 0.2.1 14.00 67.00 81.00 OK
r-devel-windows-x86_64-gcc10-UCRT 0.2.1 NOTE
r-patched-linux-x86_64 0.2.1 5.17 47.04 52.21 OK
r-patched-solaris-x86 0.2.1 101.90 NOTE
r-release-linux-x86_64 0.2.1 4.94 47.30 52.24 OK
r-release-macos-x86_64 0.2.1 NOTE
r-release-windows-ix86+x86_64 0.2.1 15.00 71.00 86.00 OK
r-oldrel-macos-x86_64 0.2.1 NOTE
r-oldrel-windows-ix86+x86_64 0.2.1 9.00 70.00 79.00 OK

Check Details

Version: 0.2.1
Check: dependencies in R code
Result: NOTE
    Namespace in Imports field not imported from: ‘lubridate’
     All declared Imports should be used.
Flavors: r-devel-linux-x86_64-fedora-clang, r-devel-linux-x86_64-fedora-gcc, r-devel-windows-x86_64-gcc10-UCRT, r-patched-solaris-x86, r-release-macos-x86_64, r-oldrel-macos-x86_64