CRAN Package Check Results for Package swa

Last updated on 2021-05-08 05:57:24 CEST.

Flavor Version Tinstall Tcheck Ttotal Status Flags
r-devel-linux-x86_64-debian-clang 0.8.1 4.07 53.20 57.27 NOTE
r-devel-linux-x86_64-debian-gcc 0.8.1 4.08 40.63 44.71 NOTE
r-devel-linux-x86_64-fedora-clang 0.8.1 80.11 NOTE
r-devel-linux-x86_64-fedora-gcc 0.8.1 67.84 NOTE
r-devel-windows-ix86+x86_64 0.8.1 26.00 77.00 103.00 NOTE
r-devel-windows-x86_64-gcc10-UCRT 0.8.1 NOTE
r-patched-linux-x86_64 0.8.1 4.17 50.27 54.44 NOTE
r-patched-solaris-x86 0.8.1 104.90 OK
r-release-linux-x86_64 0.8.1 4.54 50.94 55.48 OK
r-release-macos-x86_64 0.8.1 OK
r-release-windows-ix86+x86_64 0.8.1 10.00 54.00 64.00 OK
r-oldrel-macos-x86_64 0.8.1 OK
r-oldrel-windows-ix86+x86_64 0.8.1 11.00 66.00 77.00 OK

Check Details

Version: 0.8.1
Check: LazyData
Result: NOTE
     'LazyData' is specified without a 'data' directory
Flavors: r-devel-linux-x86_64-debian-clang, r-devel-linux-x86_64-debian-gcc, r-devel-linux-x86_64-fedora-clang, r-devel-linux-x86_64-fedora-gcc, r-devel-windows-ix86+x86_64, r-devel-windows-x86_64-gcc10-UCRT, r-patched-linux-x86_64