CRAN Package Check Results for Package swCRTdesign

Last updated on 2024-05-21 05:59:25 CEST.

Flavor Version Tinstall Tcheck Ttotal Status Flags
r-devel-linux-x86_64-debian-clang 4.0 15.06 110.70 125.76 NOTE
r-devel-linux-x86_64-debian-gcc 4.0 10.55 80.58 91.13 NOTE
r-devel-linux-x86_64-fedora-clang 4.0 154.84 NOTE
r-devel-linux-x86_64-fedora-gcc 4.0 145.91 NOTE
r-devel-windows-x86_64 4.0 12.00 92.00 104.00 NOTE
r-patched-linux-x86_64 4.0 12.88 102.97 115.85 NOTE
r-release-linux-x86_64 4.0 10.88 103.81 114.69 NOTE
r-release-macos-arm64 4.0 38.00 NOTE
r-release-windows-x86_64 4.0 13.00 91.00 104.00 NOTE
r-oldrel-macos-arm64 4.0 48.00 OK
r-oldrel-macos-x86_64 4.0 127.00 OK
r-oldrel-windows-x86_64 4.0 16.00 109.00 125.00 OK

Check Details

Version: 4.0
Check: Rd files
Result: NOTE checkRd: (-1) swDsn.Rd:28: Lost braces 28 | numeric (scalar or vector): Relative treatment effect upon crossing over from control. Note that this is not the treatment effect (the treatment effect is specified in the call to other functions such as \code{swPwr} or \code{swSim})! If \code{tx.effect.frac} is set to a scalar with value of 1, the standard SW CRT treatment effect will be presumed. If code{tx.effect.frac} is set to a scalar with a fractional value between 0 and 1, then only the first time point upon crossing over from control will have fractional relative treatment effect; the remaining exposure times will have a relative treatment effect of 1. If a vector of fractional treatment effect is specified, each element of the vector corresponds to the (fractional) treatment effect upon crossing over from control; if the length of the vector is less than total number of exposure times, the remaining time points will have a relative treatment effect value of 1; if the length of the vector is greater than total number of time points after crossing over, not all elements of \code{tx.effect.frac} will be used. The default value is (scalar) 1. | ^ Flavors: r-devel-linux-x86_64-debian-clang, r-devel-linux-x86_64-debian-gcc, r-devel-linux-x86_64-fedora-clang, r-devel-linux-x86_64-fedora-gcc, r-devel-windows-x86_64, r-patched-linux-x86_64, r-release-linux-x86_64, r-release-macos-arm64, r-release-windows-x86_64