CRAN Package Check Results for Package survey

Last updated on 2024-04-21 11:57:16 CEST.

Flavor Version Tinstall Tcheck Ttotal Status Flags
r-devel-linux-x86_64-debian-clang 4.4-2 78.94 459.53 538.47 OK
r-devel-linux-x86_64-debian-gcc 4.4-2 46.27 331.23 377.50 OK
r-devel-linux-x86_64-fedora-clang 4.4-2 663.61 OK
r-devel-linux-x86_64-fedora-gcc 4.4-2 647.45 OK
r-prerel-macos-arm64 4.4-2 171.00 NOTE
r-prerel-macos-x86_64 4.4-2 562.00 NOTE
r-prerel-windows-x86_64 4.4-2 53.00 430.00 483.00 OK
r-patched-linux-x86_64 4.4-2 68.10 425.14 493.24 OK
r-release-linux-x86_64 4.4-2 59.34 437.19 496.53 OK
r-release-macos-arm64 4.4-2 192.00 NOTE
r-release-macos-x86_64 4.4-2 543.00 NOTE
r-release-windows-x86_64 4.4-2 73.00 506.00 579.00 OK
r-oldrel-macos-arm64 4.4-2 183.00 NOTE
r-oldrel-windows-x86_64 4.4-2 68.00 490.00 558.00 OK

Check Details

Version: 4.4-2
Check: installed package size
Result: NOTE installed size is 6.8Mb sub-directories of 1Mb or more: R 2.1Mb doc 1.5Mb libs 2.0Mb Flavors: r-prerel-macos-arm64, r-prerel-macos-x86_64, r-release-macos-arm64, r-release-macos-x86_64, r-oldrel-macos-arm64