CRAN Package Check Results for Package subscreen

Last updated on 2021-05-16 17:47:08 CEST.

Flavor Version Tinstall Tcheck Ttotal Status Flags
r-devel-linux-x86_64-debian-clang 3.0.5 4.50 45.70 50.20 NOTE
r-devel-linux-x86_64-debian-gcc 3.0.5 3.21 35.25 38.46 NOTE
r-devel-linux-x86_64-fedora-clang 3.0.5 67.61 NOTE
r-devel-linux-x86_64-fedora-gcc 3.0.5 59.28 NOTE
r-devel-windows-ix86+x86_64 3.0.5 15.00 51.00 66.00 NOTE
r-devel-windows-x86_64-gcc10-UCRT 3.0.5 NOTE
r-patched-linux-x86_64 3.0.5 4.01 43.80 47.81 NOTE
r-patched-solaris-x86 3.0.5 97.90 NOTE
r-release-linux-x86_64 3.0.5 4.44 43.03 47.47 OK
r-release-macos-x86_64 3.0.5 NOTE
r-release-windows-ix86+x86_64 3.0.5 8.00 71.00 79.00 OK
r-oldrel-macos-x86_64 3.0.5 NOTE
r-oldrel-windows-ix86+x86_64 3.0.5 7.00 64.00 71.00 OK

Check Details

Version: 3.0.5
Check: LazyData
Result: NOTE
     'LazyData' is specified without a 'data' directory
Flavors: r-devel-linux-x86_64-debian-clang, r-devel-linux-x86_64-debian-gcc, r-devel-linux-x86_64-fedora-clang, r-devel-linux-x86_64-fedora-gcc, r-devel-windows-ix86+x86_64, r-devel-windows-x86_64-gcc10-UCRT, r-patched-linux-x86_64, r-patched-solaris-x86

Version: 3.0.5
Check: dependencies in R code
Result: NOTE
    Namespaces in Imports field not imported from:
     ‘DT’ ‘bsplus’ ‘colourpicker’ ‘grDevices’ ‘graphics’ ‘jsonlite’
     ‘purrr’ ‘shinyWidgets’ ‘shinyjs’
     All declared Imports should be used.
Flavors: r-devel-linux-x86_64-fedora-clang, r-devel-linux-x86_64-fedora-gcc, r-devel-windows-x86_64-gcc10-UCRT, r-patched-solaris-x86, r-release-macos-x86_64, r-oldrel-macos-x86_64