CRAN Package Check Results for Package strip

Last updated on 2024-05-18 06:17:20 CEST.

Flavor Version Tinstall Tcheck Ttotal Status Flags
r-devel-linux-x86_64-debian-clang 1.0.0 3.02 43.23 46.25 NOTE
r-devel-linux-x86_64-debian-gcc 1.0.0 2.21 32.80 35.01 NOTE
r-devel-linux-x86_64-fedora-clang 1.0.0 59.22 NOTE
r-devel-linux-x86_64-fedora-gcc 1.0.0 74.40 NOTE
r-devel-windows-x86_64 1.0.0 3.00 52.00 55.00 NOTE
r-patched-linux-x86_64 1.0.0 2.05 40.28 42.33 NOTE
r-release-linux-x86_64 1.0.0 1.65 40.09 41.74 NOTE
r-release-macos-arm64 1.0.0 22.00 NOTE
r-release-windows-x86_64 1.0.0 4.00 53.00 57.00 NOTE
r-oldrel-macos-arm64 1.0.0 23.00 NOTE
r-oldrel-macos-x86_64 1.0.0 33.00 NOTE
r-oldrel-windows-x86_64 1.0.0 3.00 60.00 63.00 NOTE

Check Details

Version: 1.0.0
Check: LazyData
Result: NOTE 'LazyData' is specified without a 'data' directory Flavors: r-devel-linux-x86_64-debian-clang, r-devel-linux-x86_64-debian-gcc, r-devel-linux-x86_64-fedora-clang, r-devel-linux-x86_64-fedora-gcc, r-devel-windows-x86_64, r-patched-linux-x86_64, r-release-linux-x86_64, r-release-macos-arm64, r-release-windows-x86_64, r-oldrel-macos-arm64, r-oldrel-macos-x86_64, r-oldrel-windows-x86_64