CRAN Package Check Results for Package stpp

Last updated on 2021-04-19 17:48:44 CEST.

Flavor Version Tinstall Tcheck Ttotal Status Flags
r-devel-linux-x86_64-debian-clang 2.0-5 27.82 177.06 204.88 OK
r-devel-linux-x86_64-debian-gcc 2.0-5 22.45 139.35 161.80 OK
r-devel-linux-x86_64-fedora-clang 2.0-5 271.32 OK
r-devel-linux-x86_64-fedora-gcc 2.0-5 260.82 OK
r-devel-windows-ix86+x86_64 2.0-5 46.00 182.00 228.00 OK
r-devel-windows-x86_64-gcc10-UCRT 2.0-5 ERROR
r-patched-linux-x86_64 2.0-5 27.67 167.04 194.71 OK
r-patched-solaris-x86 2.0-5 362.00 OK
r-release-linux-x86_64 2.0-5 23.28 167.47 190.75 OK
r-release-macos-x86_64 2.0-5 ERROR
r-release-windows-ix86+x86_64 2.0-5 60.00 281.00 341.00 OK
r-oldrel-macos-x86_64 2.0-5 ERROR
r-oldrel-windows-ix86+x86_64 2.0-5 43.00 237.00 280.00 OK

Check Details

Version: 2.0-5
Check: package dependencies
Result: ERROR
    Package required but not available: 'rgl'
    
    See section 'The DESCRIPTION file' in the 'Writing R Extensions'
    manual.
Flavor: r-devel-windows-x86_64-gcc10-UCRT

Version: 2.0-5
Check: package dependencies
Result: ERROR
    Package required but not available: ‘rpanel’
    
    See section ‘The DESCRIPTION file’ in the ‘Writing R Extensions’
    manual.
Flavors: r-release-macos-x86_64, r-oldrel-macos-x86_64