CRAN Package Check Results for Package stochvol

Last updated on 2020-09-21 00:48:22 CEST.

Flavor Version Tinstall Tcheck Ttotal Status Flags
r-devel-linux-x86_64-debian-clang 2.0.4 171.36 135.63 306.99 OK
r-devel-linux-x86_64-debian-gcc 2.0.4 121.68 103.12 224.80 OK
r-devel-linux-x86_64-fedora-clang 2.0.4 482.76 NOTE
r-devel-linux-x86_64-fedora-gcc 2.0.4 404.28 OK
r-devel-windows-ix86+x86_64 2.0.4 394.00 247.00 641.00 NOTE
r-patched-linux-x86_64 2.0.4 136.95 139.48 276.43 OK
r-patched-solaris-x86 2.0.4 470.20 OK
r-release-linux-x86_64 2.0.4 135.99 138.29 274.28 OK
r-release-macos-x86_64 2.0.4 NOTE
r-release-windows-ix86+x86_64 2.0.4 419.00 219.00 638.00 NOTE
r-oldrel-macos-x86_64 2.0.4 NOTE
r-oldrel-windows-ix86+x86_64 2.0.4 270.00 257.00 527.00 NOTE

Check Details

Version: 2.0.4
Check: installed package size
Result: NOTE
     installed size is 8.3Mb
     sub-directories of 1Mb or more:
     doc 2.6Mb
     libs 5.2Mb
Flavors: r-devel-linux-x86_64-fedora-clang, r-devel-windows-ix86+x86_64, r-release-macos-x86_64, r-release-windows-ix86+x86_64, r-oldrel-macos-x86_64, r-oldrel-windows-ix86+x86_64