CRAN Package Check Results for Package stoRy

Last updated on 2020-02-25 16:48:24 CET.

Flavor Version Tinstall Tcheck Ttotal Status Flags
r-devel-linux-x86_64-debian-clang 0.1.3 8.30 40.81 49.11 OK
r-devel-linux-x86_64-debian-gcc 0.1.3 7.10 32.49 39.59 OK
r-devel-linux-x86_64-fedora-clang 0.1.3 66.88 NOTE
r-devel-linux-x86_64-fedora-gcc 0.1.3 61.32 NOTE
r-devel-windows-ix86+x86_64 0.1.3 15.00 58.00 73.00 NOTE
r-devel-windows-ix86+x86_64-gcc8 0.1.3 14.00 59.00 73.00 NOTE
r-patched-linux-x86_64 0.1.3 6.80 38.18 44.98 OK
r-patched-solaris-x86 0.1.3 98.80 NOTE
r-release-linux-x86_64 0.1.3 6.84 38.80 45.64 OK
r-release-windows-ix86+x86_64 0.1.3 13.00 61.00 74.00 NOTE
r-release-osx-x86_64 0.1.3 NOTE
r-oldrel-windows-ix86+x86_64 0.1.3 13.00 55.00 68.00 NOTE
r-oldrel-osx-x86_64 0.1.3 NOTE

Check Details

Version: 0.1.3
Check: installed package size
Result: NOTE
     installed size is 5.7Mb
     sub-directories of 1Mb or more:
     R 2.1Mb
     datasets 2.6Mb
Flavors: r-devel-linux-x86_64-fedora-clang, r-devel-windows-ix86+x86_64, r-devel-windows-ix86+x86_64-gcc8, r-patched-solaris-x86, r-release-windows-ix86+x86_64, r-release-osx-x86_64, r-oldrel-windows-ix86+x86_64, r-oldrel-osx-x86_64

Version: 0.1.3
Check: data for non-ASCII characters
Result: NOTE
     Note: found 327 marked UTF-8 strings
Flavors: r-devel-linux-x86_64-fedora-clang, r-devel-linux-x86_64-fedora-gcc, r-patched-solaris-x86, r-release-osx-x86_64, r-oldrel-osx-x86_64