CRAN Package Check Results for Package statsExpressions

Last updated on 2024-05-23 00:59:23 CEST.

Flavor Version Tinstall Tcheck Ttotal Status Flags
r-devel-linux-x86_64-debian-clang 1.5.4 9.56 453.90 463.46 OK
r-devel-linux-x86_64-debian-gcc 1.5.4 6.20 331.94 338.14 OK
r-devel-linux-x86_64-fedora-clang 1.5.4 573.15 OK
r-devel-linux-x86_64-fedora-gcc 1.5.4 590.74 OK
r-devel-windows-x86_64 1.5.4 11.00 229.00 240.00 OK
r-patched-linux-x86_64 1.5.4 8.32 441.63 449.95 OK
r-release-linux-x86_64 1.5.4 6.68 385.80 392.48 NOTE
r-release-macos-arm64 1.5.4 141.00 OK
r-release-macos-x86_64 1.5.4 267.00 OK
r-release-windows-x86_64 1.5.4 11.00 229.00 240.00 OK
r-oldrel-macos-arm64 1.5.4 149.00 OK
r-oldrel-macos-x86_64 1.5.4 250.00 OK
r-oldrel-windows-x86_64 1.5.4 15.00 297.00 312.00 OK

Check Details

Version: 1.5.4
Check: package dependencies
Result: NOTE Package suggested but not available for checking: ‘metaBMA’ Flavor: r-release-linux-x86_64