CRAN Package Check Results for Package statnetWeb

Last updated on 2021-04-23 00:49:04 CEST.

Flavor Version Tinstall Tcheck Ttotal Status Flags
r-devel-linux-x86_64-debian-clang 0.5.6 9.06 86.13 95.19 NOTE
r-devel-linux-x86_64-debian-gcc 0.5.6 7.66 64.36 72.02 NOTE
r-devel-linux-x86_64-fedora-clang 0.5.6 119.31 NOTE
r-devel-linux-x86_64-fedora-gcc 0.5.6 109.84 NOTE
r-devel-windows-ix86+x86_64 0.5.6 22.00 107.00 129.00 NOTE
r-devel-windows-x86_64-gcc10-UCRT 0.5.6 NOTE
r-patched-linux-x86_64 0.5.6 9.97 77.00 86.97 OK
r-patched-solaris-x86 0.5.6 170.90 OK
r-release-linux-x86_64 0.5.6 7.91 76.61 84.52 OK
r-release-macos-x86_64 0.5.6 OK
r-release-windows-ix86+x86_64 0.5.6 23.00 114.00 137.00 OK
r-oldrel-macos-x86_64 0.5.6 OK
r-oldrel-windows-ix86+x86_64 0.5.6 38.00 95.00 133.00 OK

Check Details

Version: 0.5.6
Check: LazyData
Result: NOTE
     'LazyData' is specified without a 'data' directory
Flavors: r-devel-linux-x86_64-debian-clang, r-devel-linux-x86_64-debian-gcc, r-devel-linux-x86_64-fedora-clang, r-devel-linux-x86_64-fedora-gcc, r-devel-windows-ix86+x86_64, r-devel-windows-x86_64-gcc10-UCRT