CRAN Package Check Results for Package statnet.common

Last updated on 2024-05-27 05:52:30 CEST.

Flavor Version Tinstall Tcheck Ttotal Status Flags
r-devel-linux-x86_64-debian-clang 4.9.0 6.17 44.68 50.85 NOTE
r-devel-linux-x86_64-debian-gcc 4.9.0 4.51 33.86 38.37 NOTE
r-devel-linux-x86_64-fedora-clang 4.9.0 62.62 NOTE
r-devel-linux-x86_64-fedora-gcc 4.9.0 60.05 NOTE
r-devel-windows-x86_64 4.9.0 8.00 68.00 76.00 NOTE
r-patched-linux-x86_64 4.9.0 8.52 42.67 51.19 NOTE
r-release-linux-x86_64 4.9.0 4.51 42.22 46.73 NOTE
r-release-macos-arm64 4.9.0 25.00 NOTE
r-release-windows-x86_64 4.9.0 7.00 68.00 75.00 NOTE
r-oldrel-macos-arm64 4.9.0 26.00 NOTE
r-oldrel-macos-x86_64 4.9.0 59.00 NOTE
r-oldrel-windows-x86_64 4.9.0 9.00 77.00 86.00 NOTE

Check Details

Version: 4.9.0
Check: R code for possible problems
Result: NOTE Found the following possibly unsafe calls: File ‘statnet.common/R/control.utilities.R’: unlockBinding("snctrl", environment(snctrl)) unlockBinding("snctrl", environment(update_my_snctrl)) Flavors: r-devel-linux-x86_64-debian-clang, r-devel-linux-x86_64-debian-gcc, r-devel-linux-x86_64-fedora-clang, r-devel-linux-x86_64-fedora-gcc, r-devel-windows-x86_64, r-patched-linux-x86_64, r-release-linux-x86_64, r-release-macos-arm64, r-release-windows-x86_64, r-oldrel-macos-arm64, r-oldrel-macos-x86_64, r-oldrel-windows-x86_64