CRAN Package Check Results for Package stat.extend

Last updated on 2021-04-20 05:47:51 CEST.

Flavor Version Tinstall Tcheck Ttotal Status Flags
r-devel-linux-x86_64-debian-clang 0.1.4 4.13 33.45 37.58 NOTE
r-devel-linux-x86_64-debian-gcc 0.1.4 3.37 25.66 29.03 NOTE
r-devel-linux-x86_64-fedora-clang 0.1.4 55.01 NOTE
r-devel-linux-x86_64-fedora-gcc 0.1.4 44.38 NOTE
r-devel-windows-ix86+x86_64 0.1.4 8.00 36.00 44.00 NOTE
r-devel-windows-x86_64-gcc10-UCRT 0.1.4 NOTE
r-patched-linux-x86_64 0.1.4 4.03 31.59 35.62 OK
r-patched-solaris-x86 0.1.4 64.50 OK
r-release-linux-x86_64 0.1.4 3.80 31.33 35.13 OK
r-release-macos-x86_64 0.1.4 OK
r-release-windows-ix86+x86_64 0.1.4 8.00 54.00 62.00 OK
r-oldrel-macos-x86_64 0.1.4 OK
r-oldrel-windows-ix86+x86_64 0.1.4 5.00 44.00 49.00 OK

Check Details

Version: 0.1.4
Check: LazyData
Result: NOTE
     'LazyData' is specified without a 'data' directory
Flavors: r-devel-linux-x86_64-debian-clang, r-devel-linux-x86_64-debian-gcc, r-devel-linux-x86_64-fedora-clang, r-devel-linux-x86_64-fedora-gcc, r-devel-windows-ix86+x86_64, r-devel-windows-x86_64-gcc10-UCRT