CRAN Package Check Results for Package spectrino

Last updated on 2024-05-22 11:25:14 CEST.

Flavor Version Tinstall Tcheck Ttotal Status Flags
r-devel-windows-x86_64 2.0.0 5.00 57.00 62.00 NOTE
r-release-windows-x86_64 2.0.0 6.00 58.00 64.00 NOTE
r-oldrel-macos-x86_64 2.0.0 6.00 ERROR
r-oldrel-windows-x86_64 2.0.0 6.00 63.00 69.00 NOTE

Check Details

Version: 2.0.0
Check: LazyData
Result: NOTE 'LazyData' is specified without a 'data' directory Flavors: r-devel-windows-x86_64, r-release-windows-x86_64, r-oldrel-macos-x86_64, r-oldrel-windows-x86_64

Version: 2.0.0
Check: PDF version of manual
Result: WARN LaTeX errors when creating PDF version. This typically indicates Rd problems. Flavor: r-oldrel-macos-x86_64

Version: 2.0.0
Check: PDF version of manual without index
Result: ERROR Re-running with no redirection of stdout/stderr. Flavor: r-oldrel-macos-x86_64