CRAN Package Check Results for Package spatial.tools

Last updated on 2020-02-25 16:48:23 CET.

Flavor Version Tinstall Tcheck Ttotal Status Flags
r-devel-linux-x86_64-debian-clang 1.6.2 11.35 96.95 108.30 ERROR
r-devel-linux-x86_64-debian-gcc 1.6.2 9.23 78.99 88.22 OK
r-devel-linux-x86_64-fedora-clang 1.6.2 143.96 OK
r-devel-linux-x86_64-fedora-gcc 1.6.2 134.84 OK
r-devel-windows-ix86+x86_64 1.6.2 19.00 110.00 129.00 OK
r-devel-windows-ix86+x86_64-gcc8 1.6.2 19.00 121.00 140.00 OK
r-patched-linux-x86_64 1.6.2 10.32 89.01 99.33 OK
r-patched-solaris-x86 1.6.2 200.40 OK
r-release-linux-x86_64 1.6.2 10.69 89.19 99.88 OK
r-release-windows-ix86+x86_64 1.6.2 21.00 105.00 126.00 OK
r-release-osx-x86_64 1.6.2 OK
r-oldrel-windows-ix86+x86_64 1.6.2 17.00 109.00 126.00 OK
r-oldrel-osx-x86_64 1.6.2 OK

Check Details

Version: 1.6.2
Check: examples
Result: ERROR
    Running examples in 'spatial.tools-Ex.R' failed
    The error most likely occurred in:
    
    > base::assign(".ptime", proc.time(), pos = "CheckExEnv")
    > ### Name: tahoe_highrez_training
    > ### Title: Point and polygon files for use with spatial.tools
    > ### Aliases: tahoe_highrez_training
    > ### Keywords: data
    >
    > ### ** Examples
    >
    > library("raster")
    Loading required package: sp
    > library("rgdal")
    rgdal: version: 1.4-8, (SVN revision 845)
     Geospatial Data Abstraction Library extensions to R successfully loaded
     Loaded GDAL runtime: GDAL 3.0.4, released 2020/01/28
     Path to GDAL shared files:
     GDAL binary built with GEOS: TRUE
     Loaded PROJ.4 runtime: Rel. 6.3.1, February 10th, 2020, [PJ_VERSION: 631]
     Path to PROJ.4 shared files: (autodetected)
     Linking to sp version: 1.4-0
    > tahoe_highrez_training_polygons <- readOGR(
    + dsn=system.file("external", package="spatial.tools"),layer="tahoe_highrez_training")
    OGR data source with driver: ESRI Shapefile
    Source: "/home/hornik/tmp/R.check/r-devel-clang/Work/build/Packages/spatial.tools/external", layer: "tahoe_highrez_training"
    with 8 features
    It has 2 fields
    > spplot(tahoe_highrez_training_polygons,zcol="Class")
    Warning in extend.limits(range(as.numeric(z), finite = TRUE)) :
     NAs introduced by coercion
    Warning in min(x) : no non-missing arguments to min; returning Inf
    Warning in max(x) : no non-missing arguments to max; returning -Inf
    Error in seq.default(zrng[1], zrng[2], length.out = cuts + 2) :
     'from' must be a finite number
    Calls: spplot ... <Anonymous> -> levelplot.formula -> seq -> seq.default
    Execution halted
Flavor: r-devel-linux-x86_64-debian-clang