CRAN Package Check Results for Package sokoban

Last updated on 2024-04-18 06:10:01 CEST.

Flavor Version Tinstall Tcheck Ttotal Status Flags
r-devel-linux-x86_64-debian-clang 0.1.0 2.90 22.84 25.74 NOTE
r-devel-linux-x86_64-debian-gcc 0.1.0 2.05 17.19 19.24 NOTE
r-devel-linux-x86_64-fedora-clang 0.1.0 31.49 NOTE
r-devel-linux-x86_64-fedora-gcc 0.1.0 29.62 NOTE
r-prerel-macos-arm64 0.1.0 13.00 NOTE
r-prerel-windows-x86_64 0.1.0 2.00 34.00 36.00 NOTE
r-patched-linux-x86_64 0.1.0 2.19 21.25 23.44 NOTE
r-release-linux-x86_64 0.1.0 2.00 21.59 23.59 NOTE
r-release-macos-arm64 0.1.0 14.00 NOTE
r-release-macos-x86_64 0.1.0 18.00 NOTE
r-release-windows-x86_64 0.1.0 4.00 35.00 39.00 NOTE
r-oldrel-macos-arm64 0.1.0 15.00 NOTE
r-oldrel-windows-x86_64 0.1.0 5.00 42.00 47.00 NOTE

Check Details

Version: 0.1.0
Check: LazyData
Result: NOTE 'LazyData' is specified without a 'data' directory Flavors: r-devel-linux-x86_64-debian-clang, r-devel-linux-x86_64-debian-gcc, r-devel-linux-x86_64-fedora-clang, r-devel-linux-x86_64-fedora-gcc, r-prerel-macos-arm64, r-prerel-windows-x86_64, r-patched-linux-x86_64, r-release-linux-x86_64, r-release-macos-arm64, r-release-macos-x86_64, r-release-windows-x86_64, r-oldrel-macos-arm64, r-oldrel-windows-x86_64