CRAN Package Check Results for Package snplist

Last updated on 2021-06-25 11:52:43 CEST.

Flavor Version Tinstall Tcheck Ttotal Status Flags
r-devel-linux-x86_64-debian-clang 0.18.1 29.29 208.76 238.05 NOTE
r-devel-linux-x86_64-debian-gcc 0.18.1 23.53 155.63 179.16 NOTE
r-devel-linux-x86_64-fedora-clang 0.18.1 295.51 NOTE
r-devel-linux-x86_64-fedora-gcc 0.18.1 283.58 NOTE
r-devel-windows-x86_64 0.18.1 46.00 174.00 220.00 OK
r-devel-windows-x86_64-gcc10-UCRT 0.18.1 OK
r-patched-linux-x86_64 0.18.1 34.93 198.09 233.02 NOTE
r-patched-solaris-x86 0.18.1 391.80 NOTE
r-release-linux-x86_64 0.18.1 28.87 195.98 224.85 NOTE
r-release-macos-arm64 0.18.1 ERROR
r-release-macos-x86_64 0.18.1 OK
r-release-windows-ix86+x86_64 0.18.1 53.00 316.00 369.00 OK
r-oldrel-macos-x86_64 0.18.1 OK
r-oldrel-windows-ix86+x86_64 0.18.1 83.00 313.00 396.00 OK

Check Details

Version: 0.18.1
Check: for non-standard things in the check directory
Result: NOTE
    Found the following files/directories:
     'geneSet.set' 'snplistdb.sqlite'
Flavors: r-devel-linux-x86_64-debian-clang, r-devel-linux-x86_64-debian-gcc, r-devel-linux-x86_64-fedora-clang, r-devel-linux-x86_64-fedora-gcc, r-patched-linux-x86_64, r-patched-solaris-x86, r-release-linux-x86_64

Version: 0.18.1
Check: package dependencies
Result: ERROR
    Package required but not available: ‘biomaRt’
    
    See section ‘The DESCRIPTION file’ in the ‘Writing R Extensions’
    manual.
Flavor: r-release-macos-arm64