CRAN Package Check Results for Package snow

Last updated on 2019-11-18 10:48:27 CET.

Flavor Version Tinstall Tcheck Ttotal Status Flags
r-devel-linux-x86_64-debian-clang 0.4-3 2.86 22.04 24.90 OK
r-devel-linux-x86_64-debian-gcc 0.4-3 2.31 17.78 20.09 OK
r-devel-linux-x86_64-fedora-clang 0.4-3 35.54 OK
r-devel-linux-x86_64-fedora-gcc 0.4-3 31.55 OK
r-devel-windows-ix86+x86_64 0.4-3 6.00 34.00 40.00 OK
r-patched-linux-x86_64 0.4-3 2.16 21.05 23.21 OK
r-patched-solaris-x86 0.4-3 43.90 OK
r-release-linux-x86_64 0.4-3 2.31 20.95 23.26 OK
r-release-windows-ix86+x86_64 0.4-3 5.00 48.00 53.00 OK
r-release-osx-x86_64 0.4-3 NOTE
r-oldrel-windows-ix86+x86_64 0.4-3 4.00 52.00 56.00 OK
r-oldrel-osx-x86_64 0.4-3 NOTE

Check Details

Version: 0.4-3
Check: package dependencies
Result: NOTE
    Package suggested but not available for checking: ‘Rmpi’
Flavors: r-release-osx-x86_64, r-oldrel-osx-x86_64