CRAN Package Check Results for Package smartR

Last updated on 2021-05-18 17:48:26 CEST.

Flavor Version Tinstall Tcheck Ttotal Status Flags
r-devel-linux-x86_64-debian-clang 0.62.3 49.14 315.59 364.73 NOTE
r-devel-linux-x86_64-debian-gcc 0.62.3 38.06 237.37 275.43 NOTE
r-devel-linux-x86_64-fedora-clang 0.62.3 450.72 NOTE
r-devel-linux-x86_64-fedora-gcc 0.62.3 441.37 NOTE
r-devel-windows-ix86+x86_64 0.62.3 121.00 265.00 386.00 NOTE
r-devel-windows-x86_64-gcc10-UCRT 0.62.3 NOTE
r-patched-linux-x86_64 0.62.3 52.12 296.91 349.03 NOTE
r-patched-solaris-x86 0.62.3 659.30 NOTE
r-release-linux-x86_64 0.62.3 41.67 288.32 329.99 OK
r-release-macos-x86_64 0.62.3 NOTE
r-release-windows-ix86+x86_64 0.62.3 70.00 259.00 329.00 NOTE
r-oldrel-macos-x86_64 0.62.3 ERROR
r-oldrel-windows-ix86+x86_64 0.62.3 66.00 346.00 412.00 NOTE

Check Details

Version: 0.62.3
Check: LazyData
Result: NOTE
     'LazyData' is specified without a 'data' directory
Flavors: r-devel-linux-x86_64-debian-clang, r-devel-linux-x86_64-debian-gcc, r-devel-linux-x86_64-fedora-clang, r-devel-linux-x86_64-fedora-gcc, r-devel-windows-ix86+x86_64, r-devel-windows-x86_64-gcc10-UCRT, r-patched-linux-x86_64, r-patched-solaris-x86

Version: 0.62.3
Check: package dependencies
Result: NOTE
    Imports includes 35 non-default packages.
    Importing from so many packages makes the package vulnerable to any of
    them becoming unavailable. Move as many as possible to Suggests and
    use conditionally.
Flavor: r-devel-linux-x86_64-fedora-clang

Version: 0.62.3
Check: installed package size
Result: NOTE
     installed size is 5.4Mb
     sub-directories of 1Mb or more:
     doc 2.6Mb
     extdata 1.3Mb
Flavors: r-devel-linux-x86_64-fedora-clang, r-devel-windows-ix86+x86_64, r-patched-solaris-x86, r-release-macos-x86_64, r-release-windows-ix86+x86_64, r-oldrel-windows-ix86+x86_64

Version: 0.62.3
Check: package dependencies
Result: ERROR
    Package required but not available: ‘gWidgets2RGtk2’
    
    See section ‘The DESCRIPTION file’ in the ‘Writing R Extensions’
    manual.
Flavor: r-oldrel-macos-x86_64