CRAN Package Check Results for Package sketcher

Last updated on 2021-04-18 17:47:54 CEST.

Flavor Version Tinstall Tcheck Ttotal Status Flags
r-devel-linux-x86_64-debian-clang 0.1.3 4.49 30.97 35.46 OK
r-devel-linux-x86_64-debian-gcc 0.1.3 3.37 24.64 28.01 OK
r-devel-linux-x86_64-fedora-clang 0.1.3 53.34 NOTE
r-devel-linux-x86_64-fedora-gcc 0.1.3 42.73 NOTE
r-devel-windows-ix86+x86_64 0.1.3 9.00 41.00 50.00 OK
r-devel-windows-x86_64-gcc10-UCRT 0.1.3 NOTE
r-patched-linux-x86_64 0.1.3 4.44 29.48 33.92 OK
r-patched-solaris-x86 0.1.3 67.20 NOTE
r-release-linux-x86_64 0.1.3 4.75 29.72 34.47 OK
r-release-macos-x86_64 0.1.3 NOTE
r-release-windows-ix86+x86_64 0.1.3 27.00 47.00 74.00 OK
r-oldrel-macos-x86_64 0.1.3 NOTE
r-oldrel-windows-ix86+x86_64 0.1.3 5.00 38.00 43.00 OK

Check Details

Version: 0.1.3
Check: dependencies in R code
Result: NOTE
    Namespaces in Imports field not imported from:
     ‘dplyr’ ‘methods’
     All declared Imports should be used.
Flavors: r-devel-linux-x86_64-fedora-clang, r-devel-linux-x86_64-fedora-gcc, r-devel-windows-x86_64-gcc10-UCRT, r-patched-solaris-x86, r-release-macos-x86_64, r-oldrel-macos-x86_64