CRAN Package Check Results for Package sistec

Last updated on 2021-04-22 11:50:32 CEST.

Flavor Version Tinstall Tcheck Ttotal Status Flags
r-devel-linux-x86_64-debian-clang 0.2.0 7.39 61.38 68.77 NOTE
r-devel-linux-x86_64-debian-gcc 0.2.0 5.71 46.48 52.19 NOTE
r-devel-linux-x86_64-fedora-clang 0.2.0 88.42 NOTE
r-devel-linux-x86_64-fedora-gcc 0.2.0 77.15 NOTE
r-devel-windows-ix86+x86_64 0.2.0 17.00 83.00 100.00 NOTE
r-devel-windows-x86_64-gcc10-UCRT 0.2.0 NOTE
r-patched-linux-x86_64 0.2.0 6.96 57.37 64.33 OK
r-patched-solaris-x86 0.2.0 115.10 NOTE
r-release-linux-x86_64 0.2.0 7.72 56.16 63.88 OK
r-release-macos-x86_64 0.2.0 NOTE
r-release-windows-ix86+x86_64 0.2.0 17.00 66.00 83.00 OK
r-oldrel-macos-x86_64 0.2.0 NOTE
r-oldrel-windows-ix86+x86_64 0.2.0 38.00 73.00 111.00 OK

Check Details

Version: 0.2.0
Check: LazyData
Result: NOTE
     'LazyData' is specified without a 'data' directory
Flavors: r-devel-linux-x86_64-debian-clang, r-devel-linux-x86_64-debian-gcc, r-devel-linux-x86_64-fedora-clang, r-devel-linux-x86_64-fedora-gcc, r-devel-windows-ix86+x86_64, r-devel-windows-x86_64-gcc10-UCRT

Version: 0.2.0
Check: dependencies in R code
Result: NOTE
    Namespace in Imports field not imported from: ‘stringi’
     All declared Imports should be used.
Flavors: r-devel-linux-x86_64-fedora-clang, r-devel-linux-x86_64-fedora-gcc, r-devel-windows-x86_64-gcc10-UCRT, r-patched-solaris-x86, r-release-macos-x86_64

Version: 0.2.0
Check: dependencies in R code
Result: NOTE
    No protocol specified
    No protocol specified
    Namespace in Imports field not imported from: ‘stringi’
     All declared Imports should be used.
Flavor: r-oldrel-macos-x86_64