CRAN Package Check Results for Package simPATHy

Last updated on 2020-02-25 16:48:23 CET.

Flavor Version Tinstall Tcheck Ttotal Status Flags
r-devel-linux-x86_64-debian-clang 0.4 4.25 73.54 77.79 OK
r-devel-linux-x86_64-debian-gcc 0.4 3.27 55.38 58.65 OK
r-devel-linux-x86_64-fedora-clang 0.4 109.05 OK
r-devel-linux-x86_64-fedora-gcc 0.4 93.30 OK
r-devel-windows-ix86+x86_64 0.4 10.00 86.00 96.00 OK
r-devel-windows-ix86+x86_64-gcc8 0.4 11.00 87.00 98.00 OK
r-patched-linux-x86_64 0.4 3.80 64.12 67.92 OK
r-patched-solaris-x86 0.4 123.10 NOTE
r-release-linux-x86_64 0.4 3.20 62.85 66.05 OK
r-release-windows-ix86+x86_64 0.4 8.00 81.00 89.00 OK
r-release-osx-x86_64 0.4 WARN
r-oldrel-windows-ix86+x86_64 0.4 6.00 76.00 82.00 OK
r-oldrel-osx-x86_64 0.4 ERROR

Check Details

Version: 0.4
Check: installed package size
Result: NOTE
     installed size is 5.1Mb
     sub-directories of 1Mb or more:
     data 2.0Mb
     doc 2.7Mb
Flavor: r-patched-solaris-x86

Version: 0.4
Check: package dependencies
Result: NOTE
    Package suggested but not available for checking: ‘topologyGSA’
Flavor: r-release-osx-x86_64

Version: 0.4
Check: re-building of vignette outputs
Result: WARN
    Error(s) in re-building vignettes:
     ...
    --- re-building ‘simPATHy.Rmd’ using rmarkdown
    Warning in engine$weave(file, quiet = quiet, encoding = enc) :
     Pandoc (>= 1.12.3) and/or pandoc-citeproc not available. Falling back to R Markdown v1.
    Quitting from lines 252-258 (simPATHy.Rmd)
    Error: processing vignette 'simPATHy.Rmd' failed with diagnostics:
    there is no package called 'topologyGSA'
    --- failed re-building ‘simPATHy.Rmd’
    
    SUMMARY: processing the following file failed:
     ‘simPATHy.Rmd’
    
    Error: Vignette re-building failed.
    Execution halted
Flavor: r-release-osx-x86_64

Version: 0.4
Check: package dependencies
Result: ERROR
    Package required but not available: ‘qpgraph’
    
    Packages suggested but not available for checking: ‘clipper’ ‘topologyGSA’
    
    See section ‘The DESCRIPTION file’ in the ‘Writing R Extensions’
    manual.
Flavor: r-oldrel-osx-x86_64