CRAN Package Check Results for Package sim2Dpredictr

Last updated on 2024-05-30 11:49:36 CEST.

Flavor Version Tinstall Tcheck Ttotal Status Flags
r-devel-linux-x86_64-debian-clang 0.1.1 10.05 94.01 104.06 NOTE
r-devel-linux-x86_64-debian-gcc 0.1.1 7.79 68.83 76.62 NOTE
r-devel-linux-x86_64-fedora-clang 0.1.1 129.96 NOTE
r-devel-linux-x86_64-fedora-gcc 0.1.1 123.38 NOTE
r-devel-windows-x86_64 0.1.1 10.00 89.00 99.00 NOTE
r-patched-linux-x86_64 0.1.1 12.53 89.78 102.31 NOTE
r-release-linux-x86_64 0.1.1 10.22 87.65 97.87 NOTE
r-release-macos-arm64 0.1.1 36.00 NOTE
r-release-windows-x86_64 0.1.1 10.00 87.00 97.00 NOTE
r-oldrel-macos-arm64 0.1.1 35.00 OK
r-oldrel-macos-x86_64 0.1.1 61.00 OK
r-oldrel-windows-x86_64 0.1.1 13.00 102.00 115.00 OK

Check Details

Version: 0.1.1
Check: Rd files
Result: NOTE checkRd: (-1) sim_Y_Binary_X.Rd:51: Lost braces 51 | \item \code{dist = "binomial"} is drawn from eqn{Bin(XB, XB(1-XB))} | ^ Flavors: r-devel-linux-x86_64-debian-clang, r-devel-linux-x86_64-debian-gcc, r-devel-linux-x86_64-fedora-clang, r-devel-linux-x86_64-fedora-gcc, r-devel-windows-x86_64, r-patched-linux-x86_64, r-release-linux-x86_64, r-release-macos-arm64, r-release-windows-x86_64