Last updated on 2021-01-26 23:48:14 CET.
Flavor | Version | Tinstall | Tcheck | Ttotal | Status | Flags |
---|---|---|---|---|---|---|
r-devel-linux-x86_64-debian-clang | 0.2.5 | 2.12 | 25.74 | 27.86 | OK | |
r-devel-linux-x86_64-debian-gcc | 0.2.5 | 1.99 | 27.71 | 29.70 | OK | |
r-devel-linux-x86_64-fedora-clang | 0.2.5 | 53.09 | OK | |||
r-devel-linux-x86_64-fedora-gcc | 0.2.5 | 42.31 | OK | |||
r-devel-windows-ix86+x86_64 | 0.2.5 | 6.00 | 53.00 | 59.00 | OK | |
r-patched-linux-x86_64 | 0.2.5 | 2.37 | 23.27 | 25.64 | WARN | |
r-patched-solaris-x86 | 0.2.5 | 69.20 | OK | |||
r-release-linux-x86_64 | 0.2.5 | 2.50 | 33.33 | 35.83 | OK | |
r-release-macos-x86_64 | 0.2.5 | OK | ||||
r-release-windows-ix86+x86_64 | 0.2.5 | 6.00 | 42.00 | 48.00 | OK | |
r-oldrel-macos-x86_64 | 0.2.5 | OK | ||||
r-oldrel-windows-ix86+x86_64 | 0.2.5 | 4.00 | 52.00 | 56.00 | OK |
Version: 0.2.5
Check: re-building of vignette outputs
Result: WARN
Error(s) in re-building vignettes:
...
--- re-building ‘Introduction_to_sidrar.Rmd’ using rmarkdown
Warning in engine$weave(file, quiet = quiet, encoding = enc) :
The vignette engine knitr::rmarkdown is not available because the rmarkdown package is not available. Did you forget to add it to Suggests in DESCRIPTION? Please see https://github.com/yihui/knitr/issues/1864 for more information.
Quitting from lines 72-85 (Introduction_to_sidrar.Rmd)
Error: processing vignette 'Introduction_to_sidrar.Rmd' failed with diagnostics:
Failed to connect to api.sidra.ibge.gov.br port 80: Connection timed out
--- failed re-building ‘Introduction_to_sidrar.Rmd’
SUMMARY: processing the following file failed:
‘Introduction_to_sidrar.Rmd’
Error: Vignette re-building failed.
Execution halted
Flavor: r-patched-linux-x86_64